mainder when 91 is divided by (-98)/(-5) - j*(-15)/(-125).
15
Let n(v) = 44*v. Calculate the remainder when n(2) is divided by 30.
28
What is the remainder when 42/(-8) + 6 + (-261)/(-4) is divided by 38?
28
Let c(s) = 178*s**2 - 10*s + 10. What is the remainder when c(1) is divided by 20?
18
Suppose 3*f - 21 = -3*i, 0 = f + 2*i - 5 - 0. Calculate the remainder when 41 is divided by f.
5
Let i(n) = 5*n - 172. Let d = -6 - -6. Suppose 5*l - 2*u - 198 - 248 = d, 5*l = -2*u + 454. What is the remainder when l is divided by i(39)?
21
Let s(o) = 63*o**2 + o + 1. Calculate the remainder when s(-1) is divided by (-3 + 2)*-6*143/39.
19
Suppose 5*u - 772 - 238 = 0. What is the remainder when u is divided by 29?
28
Let x(r) = -6*r**3 - r + 1. Let i be (4/6)/(12/(-36)). What is the remainder when x(i) is divided by 18?
15
Suppose -4*c = 4*h - h - 20, 0 = -5*h - c + 5. Suppose -3*u = -u + 4*t - 168, h = 2*t - 10. Let d = -22 + 47. Calculate the remainder when u is divided by d.
24
Suppose -7*w = 4*w + 319. Let p = w - -63. Let t = -17 + 35. What is the remainder when p is divided by t?
16
Calculate the remainder when (-6)/(-14)*220/(-66)*-217 is divided by 6.
4
Let s(a) = 2*a**3 - 12*a**2 - 12*a + 35. What is the remainder when s(7) is divided by 21?
7
Let q = 1572 - 1505. What is the remainder when q is divided by 63?
4
Suppose -10*m = 2*m - 5364. Calculate the remainder when m is divided by 50.
47
Suppose 0 = 3*m - 0*m - 18. Let f(u) = -2 - 5*u + u**2 + u - 1. Calculate the remainder when 35 is divided by f(m).
8
Let y be (-17 - 3 - (0 + 2)) + 0. Let a(n) = -2*n**2 - 47*n + 13. What is the remainder when a(y) is divided by 41?
38
Let v = 1903 + -1209. What is the remainder when v is divided by 29?
27
Suppose 5*z - 40 = -5*k, -3*z + 5*k - 8 = -0*k. Let d(l) = l**3 - 3*l**2 + 5*l. What is the remainder when d(z) is divided by 19?
17
Suppose 0 = -3*n - a - a + 14, 4*n + 5*a = 14. Suppose 2*b - 4*b + n = 0. Let q(y) = -y**2 + 4*y + 1. Calculate the remainder when q(b) is divided by 3.
1
Suppose -6*z + 439 = 217. Calculate the remainder when 149 is divided by z.
1
Let h(g) = -62*g + 88. Calculate the remainder when 181 is divided by h(0).
5
Suppose -270 = -39*v + 978. What is the remainder when 123 is divided by v?
27
Suppose l = -41*l + 420. What is the remainder when 309 is divided by l?
9
Let l = -227 - -299. Calculate the remainder when l is divided by 38.
34
Let m be (30/20)/((-6)/16). Let f = 10 + m. Suppose i = f + 13. Calculate the remainder when i is divided by 10.
9
Let f(i) = i + 329. What is the remainder when f(-47) is divided by 42?
30
Let k = -70 + 73. Suppose -83 = -2*j - 3*f, -k*j + 70 = f - 72. Calculate the remainder when j is divided by 17.
15
Suppose -2*v - 6*t + 2*t + 54 = 0, 2*v + 2*t = 44. Calculate the remainder when 405 is divided by v.
14
Let g = 116 + -83. Let q(s) = -s**3 - 5*s**2 - s + 7. Let w(u) = u**3 + 18*u**2 + 16*u - 22. Let m be w(-17). What is the remainder when g is divided by q(m)?
9
Let g(z) = 3*z**2 + 15*z + 31. What is the remainder when g(-11) is divided by 33?
31
Suppose -j - 30 = -5*s, s - 3 = -3*j + 3. Let m = s - 9. Let x(o) = -11*o + 4. What is the remainder when x(m) is divided by 10?
7
Suppose 74*i + 20*i - 4230 = 0. Calculate the remainder when 312 is divided by i.
42
Let v be (-12 - -5)/(0 - 1). Suppose -w + 13 = r, -3*r + v + 2 = 0. What is the remainder when w is divided by 3?
1
Let p(h) = -6*h + 2. Suppose 17*w = -4*d + 22*w + 119, 3*d = 5*w + 93. What is the remainder when d is divided by p(-2)?
12
Let r = 711 - 707. Let k(a) be the second derivative of a**5/20 - a**4/4 + a**3/3 + 3*a**2/2 + a. Calculate the remainder when 105 is divided by k(r).
24
Suppose -7 + 8 = -l. Calculate the remainder when 2 + 340/4 + l is divided by 22.
20
What is the remainder when -1 - 2/4 - (-380)/8 is divided by 4?
2
Suppose 6*p - 6 = 18. Suppose -2*h + 26 = 2*t - 5*h, 2*t - p*h = 30. What is the remainder when t is divided by 1?
0
Suppose -21 - 6 = -3*g. Suppose -m + g + 16 = 0. Let z = -13 + 22. Calculate the remainder when m is divided by z.
7
Let p be (-4)/(-2)*-1*(-17 - -1). Suppose v = p + 30. What is the remainder when v is divided by 22?
18
Let s be (3/2 - 0) + (-227)/2. Let a be (-70)/1 - (0 + 0). Let w = a - s. Calculate the remainder when w is divided by 22.
20
Let l be 14/4 + 2/4. Let u = -5 - l. Let z = u + 25. What is the remainder when 45 is divided by z?
13
Let m = -28 + 18. Let b(a) = -a**3 - 11*a**2 - 12*a - 14. What is the remainder when 8 is divided by b(m)?
2
Suppose 3*w = -4*w + w. Suppose 846 = 6*g - w*g. What is the remainder when g is divided by 36?
33
Suppose 31 = -2*u + 19. Calculate the remainder when 59 is divided by (30/(-3))/(3/u).
19
Let s(x) be the first derivative of x**2/2 + 23*x - 1. What is the remainder when s(0) is divided by (1 - 4)*-1 - -5?
7
Let j = -25 - -41. Calculate the remainder when ((-2)/(-1))/((-74)/(-2257)) is divided by j.
13
Let m(a) = -a**3 - 17*a**2 - 31*a - 5. Let j be m(-15). Suppose 11*r - 32 = j*r. What is the remainder when r is divided by 9?
5
Suppose 186 = 2*t + 4*r, 4*t - 3*t = 4*r + 75. Calculate the remainder when t is divided by 10.
7
Let g = 11 - 9. Let y(s) = 3*s + 8*s + g*s - 12*s**2 - 11*s**3 + 16 + 12*s**3. Calculate the remainder when y(11) is divided by 20.
18
Suppose 4*g - 264 = 340. Let t = g - 143. Calculate the remainder when 13 is divided by t.
5
Suppose 3*s + 8 = 7*s. Suppose 13 - 5 = s*q. Let j = 16 + -9. Calculate the remainder when j is divided by q.
3
Let n(f) = f**2 + f + 3. Let u be n(0). Let d(j) = 2*j + 67. Let p be d(0). Suppose 26 + p = u*a. What is the remainder when a is divided by 16?
15
Let r be 0 + 0 + (-2 - -1). Let a = r + 5. Let f(s) = s + 11. What is the remainder when a is divided by f(-9)?
0
Let h = 0 + 0. Suppose -4*u = r - 2*u - 36, r + u - 37 = h. What is the remainder when r is divided by ((-5)/(-3))/(12/72)?
8
Suppose -12*j - 4*j = -144. Suppose -19*h + j*h + 190 = 0. What is the remainder when 35 is divided by h?
16
Let b(y) = 5 - 3*y - 3*y - 5*y. Let s(i) = -10*i + 6. Let n(u) = 5*b(u) - 4*s(u). What is the remainder when 63 is divided by n(-1)?
15
Let x = 565 - 251. What is the remainder when x is divided by 21?
20
Suppose -2*h + 5 = b + 2*b, -3*b + 40 = -5*h. Calculate the remainder when (128/10)/((-2)/h) is divided by 18.
14
Let t = 2 - 1. Suppose 4*p = 4*o - 16, -8*o - 4*p - 18 = -13*o. Calculate the remainder when 23 is divided by o - (-3 + t - 8).
11
Let r be ((-768)/3)/(-2) - 1. Let j = r + -82. Suppose 0 = 3*v + 6 - j. Calculate the remainder when 50 is divided by v.
11
Suppose -o + 144 = 3*i - 21, -3*o + 495 = 2*i. What is the remainder when o is divided by 16?
5
Let v = 326 + -322. What is the remainder when 79 is divided by v?
3
Suppose -2976 = -39*k + 8*k. Calculate the remainder when 381 is divided by k.
93
Let t(h) = h + 6. Let j be t(-2). Suppose 5*b - b = 0. Suppose -l - j*l + 315 = b. What is the remainder when l is divided by 16?
15
Let s = 49 - 33. Suppose 0 = 25*n - 15*n - 100. What is the remainder when s is divided by n?
6
Let s = 1089 + -1049. What is the remainder when 54 is divided by s?
14
Let c(f) = -f**3 - 19*f**2 + 13*f - 34. Let t be c(-20). What is the remainder when 16/(-48) - t/(-12)*4 is divided by 14?
7
Let t = 369 + -335. What is the remainder when 405 is divided by t?
31
Suppose 80 = 5*o - 5*i, -5*o = i - 74 - 24. Calculate the remainder when 39 is divided by o.
1
Suppose 5*k - 535 = -5*t, -5*t = -15*k + 10*k - 545. Calculate the remainder when t is divided by 17.
6
Suppose -4*l + 679 = -m, 961 = 5*l + 2*m + 109. What is the remainder when l is divided by 42?
2
Suppose -v - 40 = -2*v + 5*m, 3*v = 4*m + 98. Let s = v + -15. What is the remainder when (-4)/(-3)*7*3 is divided by s?
13
Let s be -60*((-2 - 0) + 1). Suppose -3*j - 3*a = -s, -4*j + 8*a + 116 = 3*a. Calculate the remainder when 93 is divided by j.
21
Let g be (-22)/4*-2*1. Let a(b) be the first derivative of b**4/4 - 4*b**3 + 6*b**2 + 56. Calculate the remainder when a(g) is divided by 6.
5
Let z(q) = q**3 + 14*q**2 - 12*q - 85. What is the remainder when z(-7) is divided by 49?
48
Suppose -9*c - 20 = -14*c. Let a = 35 - c. What is the remainder when a is divided by (-6)/(-9) + (-62)/(-6)?
9
Calculate the remainder 